{"id":2,"date":"2015-08-27T23:31:52","date_gmt":"2015-08-27T23:31:52","guid":{"rendered":"http:\/\/manopeluda.com.mx\/?page_id=2"},"modified":"2018-01-28T00:08:10","modified_gmt":"2018-01-28T06:08:10","slug":"bienvenidos-leyendas-relatos-terror","status":"publish","type":"page","link":"https:\/\/manopeluda.com.mx\/index.php\/bienvenidos-leyendas-relatos-terror\/","title":{"rendered":"Mu\u00e9rete del miedo con Leyendas y relatos de terror"},"content":{"rendered":"<p>Bienvenidos a\u00a0 manopeluda.com.mx. Aqu\u00ed encontrar\u00e1s Leyendas y relatos de terror, historias reales, de duendes, nahuales, brujas y fantasmas, adem\u00e1s de hechos sobrenaturales.<\/p>\n<h3>Cuentos, leyendas y relatos de terror<\/h3>\n<p>Queremos ofercerte relatos y leyendas que son ya un referente en nuestro pa\u00eds, sin embargo de ello, Te ofreceremos obras de los genios del terror como Alan Poe y Lovecraft. Desde luego\u00a0 esperamos tus sugerencias!<\/p>\n<p>Te presentamos audiocuentos y en poco tiempo comenzaremos a publicar los relatos de nuestros visitantes; as\u00ed que ve preparando tus historias y env\u00edalas a nuestra redacci\u00f3n.<\/p>\n<p>El miedo es un acompa\u00f1ante natural del ser humano: lo buscamos, lo cobijamos y al mismo tiempo nos queremos alejar de el, sin \u00e9xito por supuesto.<\/p>\n<p>Te invitamos a valorar las publicaciones y te animamos a escribir comentarios. Desde luego deber\u00e1n ser aprobados por que tenemos\u00a0 visitas que les encanta anunciarse y nuestro compromiso es protegernos del spam.<\/p>\n<p>Esperamos que tu visita sea agradable y en m\u00e1s de alguna ocasi\u00f3n, no te deje dormir. Eso nos permitir\u00e1 seguir contando con tu preferencia.<\/p>\n<h3>Acomp\u00e1\u00f1anos<\/h3>\n<p>Visitanos en <a href=\"https:\/\/www.facebook.com\/manopeluda\/\">facebook<\/a> y s\u00edguenos en <a href=\"https:\/\/twitter.com\/realmanopeluda?lang=es\">twitter<\/a><\/p>\n","protected":false},"excerpt":{"rendered":"<p>Bienvenidos a\u00a0 manopeluda.com.mx. Aqu\u00ed encontrar\u00e1s Leyendas y relatos de terror, historias reales, de duendes, nahuales,&#8230;<\/p>\n","protected":false},"author":1,"featured_media":159,"parent":0,"menu_order":0,"comment_status":"open","ping_status":"open","template":"homepage.php","meta":{"footnotes":""},"_links":{"self":[{"href":"https:\/\/manopeluda.com.mx\/index.php\/wp-json\/wp\/v2\/pages\/2"}],"collection":[{"href":"https:\/\/manopeluda.com.mx\/index.php\/wp-json\/wp\/v2\/pages"}],"about":[{"href":"https:\/\/manopeluda.com.mx\/index.php\/wp-json\/wp\/v2\/types\/page"}],"author":[{"embeddable":true,"href":"https:\/\/manopeluda.com.mx\/index.php\/wp-json\/wp\/v2\/users\/1"}],"replies":[{"embeddable":true,"href":"https:\/\/manopeluda.com.mx\/index.php\/wp-json\/wp\/v2\/comments?post=2"}],"version-history":[{"count":9,"href":"https:\/\/manopeluda.com.mx\/index.php\/wp-json\/wp\/v2\/pages\/2\/revisions"}],"predecessor-version":[{"id":237,"href":"https:\/\/manopeluda.com.mx\/index.php\/wp-json\/wp\/v2\/pages\/2\/revisions\/237"}],"wp:featuredmedia":[{"embeddable":true,"href":"https:\/\/manopeluda.com.mx\/index.php\/wp-json\/wp\/v2\/media\/159"}],"wp:attachment":[{"href":"https:\/\/manopeluda.com.mx\/index.php\/wp-json\/wp\/v2\/media?parent=2"}],"curies":[{"name":"wp","href":"https:\/\/api.w.org\/{rel}","templated":true}]}}